 41
What are the prime factors of 5069?
37, 137
What are the prime factors of 2869?
19, 151
List the prime factors of 1418.
2, 709
What are the prime factors of 118683?
3, 13187
What are the prime factors of 1874?
2, 937
List the prime factors of 204.
2, 3, 17
What are the prime factors of 8544?
2, 3, 89
List the prime factors of 5011.
5011
List the prime factors of 67970.
2, 5, 7, 971
List the prime factors of 77977.
77977
List the prime factors of 67308.
2, 3, 71, 79
List the prime factors of 1966.
2, 983
What are the prime factors of 1099?
7, 157
List the prime factors of 17089.
23, 743
List the prime factors of 8615.
5, 1723
What are the prime factors of 1403?
23, 61
List the prime factors of 4923.
3, 547
List the prime factors of 7933.
7933
List the prime factors of 45400.
2, 5, 227
What are the prime factors of 8348?
2, 2087
List the prime factors of 643.
643
List the prime factors of 10764.
2, 3, 13, 23
List the prime factors of 5707.
13, 439
List the prime factors of 4577.
23, 199
What are the prime factors of 1887?
3, 17, 37
What are the prime factors of 53868?
2, 3, 67
List the prime factors of 6140.
2, 5, 307
List the prime factors of 1472.
2, 23
What are the prime factors of 2439?
3, 271
What are the prime factors of 453?
3, 151
List the prime factors of 14986.
2, 59, 127
What are the prime factors of 12938?
2, 6469
What are the prime factors of 155158?
2, 23, 3373
List the prime factors of 436.
2, 109
What are the prime factors of 22719?
3, 7573
List the prime factors of 149471.
7, 131, 163
List the prime factors of 601.
601
List the prime factors of 17056.
2, 13, 41
What are the prime factors of 7113?
3, 2371
What are the prime factors of 517?
11, 47
What are the prime factors of 31194?
2, 3, 1733
What are the prime factors of 248?
2, 31
What are the prime factors of 138505?
5, 27701
List the prime factors of 11234.
2, 41, 137
List the prime factors of 126556.
2, 29, 1091
What are the prime factors of 11616?
2, 3, 11
List the prime factors of 6030.
2, 3, 5, 67
List the prime factors of 10274.
2, 11, 467
List the prime factors of 43734.
2, 3, 37, 197
What are the prime factors of 1018?
2, 509
List the prime factors of 897.
3, 13, 23
What are the prime factors of 108478?
2, 73, 743
What are the prime factors of 1424?
2, 89
What are the prime factors of 2975?
5, 7, 17
What are the prime factors of 3374?
2, 7, 241
What are the prime factors of 4491?
3, 499
What are the prime factors of 4913?
17
What are the prime factors of 3063?
3, 1021
What are the prime factors of 4086?
2, 3, 227
What are the prime factors of 7466?
2, 3733
What are the prime factors of 3504?
2, 3, 73
What are the prime factors of 657?
3, 73
List the prime factors of 45240.
2, 3, 5, 13, 29
What are the prime factors of 799?
17, 47
What are the prime factors of 896?
2, 7
List the prime factors of 5104.
2, 11, 29
What are the prime factors of 17845?
5, 43, 83
List the prime factors of 1483.
1483
What are the prime factors of 19811?
11, 1801
List the prime factors of 3067.
3067
List the prime factors of 193.
193
What are the prime factors of 11499?
3, 3833
What are the prime factors of 633?
3, 211
What are the prime factors of 4245?
3, 5, 283
List the prime factors of 1675.
5, 67
List the prime factors of 14917.
7, 2131
List the prime factors of 26204.
2, 6551
List the prime factors of 836.
2, 11, 19
What are the prime factors of 374?
2, 11, 17
List the prime factors of 3011.
3011
List the prime factors of 2436.
2, 3, 7, 29
List the prime factors of 38855.
5, 19, 409
List the prime factors of 22183.
7, 3169
List the prime factors of 6586.
2, 37, 89
List the prime factors of 15220.
2, 5, 761
List the prime factors of 31181.
31181
What are the prime factors of 9798?
2, 3, 23, 71
List the prime factors of 675.
3, 5
List the prime factors of 30755.
5, 6151
What are the prime factors of 1462?
2, 17, 43
List the prime factors of 15978.
2, 3, 2663
What are the prime factors of 2381?
2381
List the prime factors of 5194.
2, 7, 53
List the prime factors of 9237.
3, 3079
What are the prime factors of 1733?
1733
What are the prime factors of 2221?
2221
List the prime factors of 10199.
7, 31, 47
List the prime factors of 5955.
3, 5, 397
What are the prime factors of 2433?
3, 811
What are the prime factors of 18460?
2, 5, 13, 71
List the prime factors of 12752.
2, 797
What are the prime factors of 16118?
2, 8059
What are the prime factors of 85935?
3, 5, 17, 337
What are the prime factors of 2721?
3, 907
What are the prime factors of 1105?
5, 13, 17
List the prime factors of 1734.
2, 3, 17
What are the prime factors of 13541?
11, 1231
What are the prime factors of 27250?
2, 5, 109
What are the prime factors of 13160?
2, 5, 7, 47
List the prime factors of 100818.
2, 3, 1867
What are the prime factors of 10846?
2, 11, 17, 29
What are the prime factors of 1808?
2, 113
What are the prime factors of 796?
2, 199
What are the prime factors of 2034?
2, 3, 113
List the prime factors of 124470.
2, 3, 5, 461
List the prime factors of 318.
2, 3, 53
What are the prime factors of 11551?
11551
What are the prime factors of 6422?
2, 13, 19
What are the prime factors of 1008?
2, 3, 7
List the prime factors of 63296.
2, 23, 43
List the prime factors of 71829.
3, 23, 347
List the prime factors of 16590.
2, 3, 5, 7, 79
List the prime factors of 15007.
43, 349
What are the prime factors of 11889?
3, 1321
What are the prime factors of 37403?
113, 331
What are the prime factors of 99821?
173, 577
What are the prime factors of 161?
7, 23
List the prime factors of 4373.
4373
What are the prime factors of 7193?
7193
List the prime factors of 50.
2, 5
What are the prime factors of 412?
2, 103
What are the prime factors of 2014?
2, 19, 53
List the prime factors of 4587.
3, 11, 139
What are the prime factors of 730?
2, 5, 73
List the prime factors of 9854.
2, 13, 379
What are the prime factors of 3120?
2, 3, 5, 13
What are the prime factors of 49568?
2, 1549
What are the prime factors of 9121?
7, 1303
What are the prime factors of 160873?
19, 8467
What are the prime factors of 9364?
2, 2341
What are the prime factors of 4612?
2, 1153
What are the prime factors of 184?
2, 23
List the prime factors of 5223.
3, 1741
List the prime factors of 8597.
8597
List the prime factors of 1055.
5, 211
List the prime factors of 1533.
3, 7, 73
List the prime factors of 2549.
2549
What are the prime factors of 4237?
19, 223
What are the prime factors of 8576?
2, 67
What are the prime factors of 1731?
3, 577
List the prime factors of 738.
2, 3, 41
What are the prime factors of 4645?
5, 929
List the prime factors of 9386.
2, 13, 19
List the prime factors of 20255.
5, 4051
List the prime factors of 1485.
3, 5, 11
What are the prime factors of 1434?
2, 3, 239
List the prime factors of 3819.
3, 19, 67
List the prime factors of 84342.
2, 3, 14057
List the prime factors of 2713.
2713
List the prime factors of 10569.
3, 13, 271
What are the prime factors of 1472?
2, 23
List the prime factors of 78562.
2, 11, 3571
List the prime factors of 4637.
4637
What are the prime factors of 219?
3, 73
What are the prime factors of 1851?
3, 617
List the prime factors of 3074.
2, 29, 53
List the prime factors of 77844.
2, 3, 13, 499
What are the prime factors of 21822?
2, 3, 3637
List the prime factors of 645.
3, 5, 43
What are the prime factors of 1912?
2, 239
What are the prime factors of 40908?
2, 3, 7, 487
List the prime factors of 95340.
2, 3, 5, 7, 227
List the prime factors of 8638.
2, 7, 617
List the prime factors of 36911.
7, 5273
What are the prime factors of 48?
2, 3
What are the prime factors of 8274?
2, 3, 7, 197
List the prime factors of 15330.
2, 3, 5, 7, 73
What are the prime factors of 51234?
2, 3, 8539
What are the prime factors of 1475?
5, 59
List the prime factors of 10785.
3, 5, 719
List the prime factors of 7292.
2, 1823
What are the prime factors of 13735?
5, 41, 67
List the prime factors of 1494.
2, 3, 83
List the prime factors of 60885.
3, 5, 11, 41
What are the prime factors of 8778?
2, 3, 7, 11, 19
List the prime factors of 159518.
2, 47, 1697
What are the prime factors of 36660?
2, 3, 5, 13, 47
List the prime factors of 3140.
2, 5, 157
What are the prime factors of 11342?
2, 53, 107
What are the prime factors of 301